e p(-5).
4
Let j = -5 + 11. Let c(k) = k**3 - 6*k**2 + 2*k - 2. Determine c(j).
10
Let i(y) = y - 5. Suppose -4*f - 1 = -5*o, 9 = 4*f + 3*o + 2*o. Let x be 15/6*2*f. Let r(w) = -w + 5. Let d be r(x). Give i(d).
-5
Suppose -u - 14 = 1. Let j = -9 - u. Suppose -p + 5 = l, j*l = 4*l - 4*p + 12. Let i(q) = -q**3 + 4*q**2 + 2*q - 3. Calculate i(l).
5
Let u(q) = q**3 + 4*q**2 - q - 1. Let b(s) = s**3 + 2 - 1 - 4*s**2 - 2*s**3. Let r(p) = -5*b(p) - 4*u(p). Determine r(-3).
-4
Let w(s) = -s - 1. Let g = -16 + 8. Let k = 4 + g. Let n = -9 - k. Calculate w(n).
4
Let m(d) = -33 - d**2 + 3*d + 33. Let r be 6/21 + (-80)/(-14). Suppose 2*f - r*f = -12. Give m(f).
0
Let l = -10 - -9. Let s = l + -1. Let v(w) = w**2 + 1. Determine v(s).
5
Let u(l) = -l - 13. Suppose 4*h + 6 = 3*b - 3, 2*h - 8 = 4*b. Determine u(h).
-7
Let r be (-1 - 10/(-4))*8. Suppose -4*y = r, -3 = s + y + 2*y. Let h(j) = j**3 - 7*j**2 + 5*j + 5. Determine h(s).
-1
Let c(u) = 2*u**2 + 2 - u**3 - 9*u**2 + 4 + 2*u + u**2. Calculate c(-6).
-6
Let j(i) be the second derivative of -i**7/2520 + i**5/120 + i**4/2 - i. Let a(u) be the third derivative of j(u). Give a(-2).
-3
Let r(x) be the first derivative of -x**4/4 + 2*x**3 + 5*x**2/2 + 7*x - 1. Give r(7).
-7
Let y(w) = -w**3 + 5*w**2 - 3*w. Let o(s) = -s + 11. Let k be o(8). Suppose k = 4*x - 9. Determine y(x).
9
Let o(z) be the first derivative of -z**4/4 + z**3/3 - z - 1. Let h be o(2). Let r(f) = -f**3 - 4*f**2 + 3*f - 2. Determine r(h).
8
Suppose 0*m - 46 = -2*m. Let g(z) = 2 - 5*z - 14*z + z**2 + m*z. Calculate g(-4).
2
Let o(s) = -6*s**2 - 6*s. Suppose -2*l + 5*l - 6 = 0. Let a(z) = 3*z + 4*z**l + 0*z - z**2. Let h(y) = -5*a(y) - 3*o(y). Determine h(-2).
6
Let t be -6*-1*1/3. Suppose 12 = 2*c + 2*a, a = -t*c - 6 + 14. Let y(z) = 0*z - 2*z**3 + 6 + z + 3*z**3 - z**c. Determine y(0).
6
Suppose -5*c = 5*g + 10, -4*g + 3*c - 5*c = 6. Let k(v) = v**2 + v - 2. Let x(u) = u. Let j(p) = g*k(p) - 5*x(p). Calculate j(-5).
7
Let i(q) = 1 - 4 - q**2 - 6*q**2 + 2. Give i(1).
-8
Let j(a) = 3*a**2 + 3*a + 1. Suppose -15*w = -22*w - 14. Give j(w).
7
Let y(u) = -u**3 + 4*u**2 + 6*u - 1. Let v = -4 + 6. Suppose -7 - 15 = -5*t - 3*b, -3*b = -v*t + 13. Let z be y(t). Let r(c) = -c**3 + 4*c**2 + 1. What is r(z)?
1
Suppose -4*p + 2*f = -2, 2*f - 1 = -2*p + 3. Suppose 4*s - 5*u = -7, -22 = -2*s - 3*s - 4*u. Let w(a) = 3 - p - a - a**2 + s. What is w(-3)?
-2
Let u(g) be the second derivative of g**4/6 + g**3/2 + g**2 + g. Let w be u(-2). Let s(n) = n**2 + 1 - 4*n - w + n. What is s(5)?
7
Let k(w) = 13*w**2 + 14*w + 12. Let g(x) = 7*x**2 + 7*x + 6. Let d(a) = -7*a - 1. Let v be d(-1). Let b(t) = v*k(t) - 11*g(t). Let f = 13 - 19. Give b(f).
0
Let z(o) be the first derivative of o**2 - o + 3. What is z(-3)?
-7
Let u be 2/6 + 22/6. Let q(z) = -3*z**2 + 13*z - 13. Let f(n) = n**2 - 6*n + 6. Let c(d) = u*q(d) + 9*f(d). Let r = 6 - 8. Give c(r).
-6
Let l(r) = 2*r**2 - 13*r - 5. Let h(m) = m**2 - 6*m - 3. Let t(v) = -7*h(v) + 4*l(v). Determine t(10).
1
Let w(t) = -t**3 + 5*t**2 - 2*t - 3. Let c = 3 + 0. Suppose -c*l = 5*h - 0*l - 6, -5*h + 3 = 4*l. Calculate w(h).
9
Let d(g) be the first derivative of g**4/4 + g**3 - 2*g**2 + 3*g + 5. What is d(-4)?
3
Suppose x - 12 = -h + 5*x, 3*h - 2*x - 6 = 0. Suppose h = 5*m - m - 40. Let q = -7 + m. Let s(n) = -n**2 + 2*n + 1. Calculate s(q).
-2
Let c(v) = -7 - 4 + 16 - v. Calculate c(5).
0
Let j be 12/(-6) - 22/(-1). Suppose -v + 2*v - 4*c + 26 = 0, -5*v - 2*c = j. Let z(n) = n**2 + 3*n - 7. What is z(v)?
11
Let l(a) = a**2 - 7*a + 7. Let n(j) = 4*j**3 - j**2 - j. Let p be n(-1). Let c(y) = y + 3. Let h be c(p). Let m be 20/12*(h - -4). Calculate l(m).
-3
Suppose 1 = -4*i + o + 4, 5*i + 3*o - 25 = 0. Suppose i*z - 3 = -9. Let d(x) = x**3 + 2*x**2 - 3*x + 3. What is d(z)?
3
Suppose -2*m - 20 = -3*j, 2*m = -3*j - 2*m - 4. Let i be (-6 - -1)*j/(-10). Let h(p) = -4 + 1 - p**2 + 4*p + 0*p**2. Give h(i).
1
Let t(w) = -3*w**2 + 32 + 2*w**2 - 4*w**2 + 0*w**2. Let q(u) = -u**2 + 8. Let s(j) = 2*j. Let i be s(-1). Let a(z) = i*t(z) + 9*q(z). Give a(0).
8
Suppose 2*y - 28 = 5*u, -u - 6*y - 9 = -3*y. Let w(p) = p**3 + 7*p**2 + 3*p - 7. What is w(u)?
11
Let b(t) = t - t + 756*t**2 - 4 - 755*t**2 + 3*t. Let a = -4 + 1. Give b(a).
-4
Let s(c) = c. Let h be s(1). Let y be h/2*(7 - 1). Let t(p) = -2*p + 3*p**3 + 1 + 0*p**3 - 3*p**2 - 2*p**3. Determine t(y).
-5
Let r(s) = s**3 + 1. Let p be (2 + (-2 - -1))*2. Suppose 0 = 2*d - p, k - 4 = -d - 4*d. Calculate r(k).
0
Let k(s) be the second derivative of s**3/3 - 3*s**2/2 + s. Let v(t) = -t + 13. Let l be v(9). What is k(l)?
5
Let h be 2/11 + (-10)/55. Let s(v) = v**3 - v**2 - v + 7. Determine s(h).
7
Let i(n) be the second derivative of 1/2*n**3 + 4*n + 2*n**2 + 0 + 1/12*n**4. Suppose 2*p = -p - 9. Calculate i(p).
4
Let c be 1/(-3)*3*5. Let j(h) = 15*h - 9. Let q(a) = 8*a - 5. Let b(v) = -6*j(v) + 11*q(v). Determine b(c).
9
Let a be (-3)/(-2)*(-8)/(-6). Let p(m) = 4*m - 3. Calculate p(a).
5
Let a(y) = y + 5. Let j = -2 - 6. Let q = j + 4. What is a(q)?
1
Let r = 5/6 + -1/3. Let t(y) be the second derivative of y + 2/3*y**3 + r*y**2 + 0. Calculate t(-2).
-7
Let g(s) = s - 2 - 2*s - 2. Suppose 4*h - 3 = 3*d, -3*d = 3*h + d - 21. Determine g(h).
-7
Let n = -1 - -2. Let m(s) = 3*s**3 + s**2 - 1. Let c be m(n). Let i(j) = j**3 - 4*j**2 + 5*j - 2. Give i(c).
4
Suppose -2*m + 8 = 4*d, -5*m = -2*d - 2*d + 22. Let o(x) = 0 - x - d - 6 - 3. Calculate o(-6).
-6
Let g(u) = -u**2 + 1. Let j(m) = -3*m**2 - m + 3. Let c(y) = 5*g(y) - 2*j(y). Suppose -n - 9 = 5*i, -5*i - n + 2*n = 11. Determine c(i).
-1
Let g be 4/(-18) - 212/18. Let u = -12 - g. Let d(k) be the second derivative of k**4/12 - k**3/6 + 5*k**2 + k. What is d(u)?
10
Let x(k) = -72*k + 72. Let b(t) = -13*t + 13. Let s(r) = -28*b(r) + 5*x(r). Determine s(-3).
-16
Let w(x) = x - 1. Let b(p) = 7*p - 9. Let g(r) = b(r) - 6*w(r). Let o = 1 - 1. Let t be o*-2*(-1)/4. Determine g(t).
-3
Let s(l) = -3*l**2 - l + 1. Suppose -a + 6*a = g + 7, -2*g = 3*a - 12. Give s(a).
-13
Suppose 0*r - 4*r = 24. Let f(x) = -x**2 - 6*x - 5. Determine f(r).
-5
Suppose -5*n + 2*u + 7 = -20, n + 5*u = 0. Let t(p) be the second derivative of 5/12*p**4 + 1/20*p**n + 2/3*p**3 + p**2 - 2*p + 0. What is t(-3)?
8
Let u(z) = -z**2 - 8*z - 4. Let s be u(-8). Let q be (s/(-12))/(1/12). Suppose p - 5 = 2*w, -4*p = q*w + p + 31. Let c(x) = -x + 4. Give c(w).
8
Suppose 2*l - 8 = -6*f + 4*f, 0 = l - 4*f - 4. Let b(q) = 2*q**3 + 1 - 3*q**3 - q + 2*q**3 - l*q**2. Give b(3).
-11
Suppose 0*b = -b + 1. Let i(s) = -s. Determine i(b).
-1
Let p(q) be the second derivative of -2*q**3/3 + q**2 - 8*q. What is p(2)?
-6
Let j = -6 + 9. Let o be 11/2 - j/6. Let y(w) be the third derivative of w**4/12 - 7*w**3/6 + w**2. What is y(o)?
3
Suppose 6*o - 1 = 5*o. Let j(k) = -9*k**3 + 2*k**2 - 2*k + 1. Determine j(o).
-8
Let y(f) = -f. Let c(d) = -5*d + 7. Let v(z) = -c(z) + 6*y(z). Give v(-4).
-3
Let j = -142 - -137. Let h(i) = 2*i**3 - 4*i**2 + 6*i + 4. Let s(d) = 3*d**3 - 4*d**2 + 6*d + 4. Let q(n) = -4*h(n) + 3*s(n). What is q(j)?
1
Let o(f) = f**2 - 7*f + f**2 + 2*f - 2. Let s be (-1 - -1)/(-2 + 4). Suppose 3*z + 4*w + 8 = s, -4*z + 4*w + 32 = -z. What is o(z)?
10
Let f(c) = -c**3 - c**2 + c + 3. Suppose -7 = -3*h + 5. Suppose 4*v - 4 = h*j, j - 2 = -4*v - 3. Determine f(v).
3
Let g(p) = p**3 - 8*p**2 + 8*p - 7. Suppose -2*x = 17 - 31. Give g(x).
0
Let n(i) = 8*i - i**3 - 10*i**2 - 5*i**3 + 2 + 7*i**3. What is n(9)?
-7
Let n(y) = y**2 + 1. Let h be (7 - 3)/(0 + 2). Calculate n(h).
5
Let o(v) = 3*v + 1. Suppose 0 = 3*i, 16*i - 13*i - 6 = 2*s. Determine o(s).
-8
Let z(b) be the second derivative of b**4/12 - 3*b**3/2 - 2*b**2 + 34*b. What is z(9)?
-4
Let i(h) = -h - 7 + 0 + 2. Suppose -2 = 11*d + 42. Give i(d).
-1
Let z be 1 - 3 - -11*(3 + -2). Let l(t) = t**3 - 9*t**2 - t + 7. Calculate l(z).
-2
Let d(b) be the third derivative of b**4/24 + 30*b**2. What is d(3)?
3
Let p(q) = -q + 1. Let i = -58 + 66. Give p(i).
-7
Let y be ((-5)/(-2))/((-1)/(-2)). Suppose -4*d + y = 13. Let j(g) = -3*g + 1. What is j(d)?
7
Let n(c) = c + 1. Suppose 0 = -2*q + 5*t + 29, 5*t + 23 + 2 = 0. Let b be n(q). Let z(a) = -2*a**2 + 4*a. What is z(b)?
-6
Let h(x) be the first derivative of 3/2*x**2 + 7*x + 8. Calculate h(-6).
-11
S